 Give o(25).
2332
Let s(v) = 188*v - 46758. What is s(248)?
-134
Let v(h) = -34061*h - 102180. Calculate v(-3).
3
Let i(w) = -w**3 + 112*w**2 - 2935*w - 161. Give i(42).
49
Let o(k) = -3*k**3 + 185*k**2 - 304*k + 231. Give o(60).
-9
Let z(x) = -2*x**3 - 19*x**2 + 6*x + 3. Give z(-5).
-252
Let s(v) = -2*v**3 - 68*v**2 - 612*v + 51. Determine s(-20).
1091
Let i(t) = t**3 - 40*t**2 - 32378*t + 3417. Determine i(201).
0
Let d(b) = -1561*b - 6102. What is d(-4)?
142
Let j(x) = -111440*x - 445782. Give j(-4).
-22
Let u(d) = -8*d**2 + 644*d + 38559. Give u(-40).
-1
Let f(q) = 97*q**3 - 151*q**2 - 167*q - 14. Determine f(-1).
-95
Let u(a) = a**2 - 368*a + 28960. What is u(114)?
4
Let b(s) = -s**2 + 321*s - 21943. Determine b(99).
35
Let a(n) = n**3 - 103*n**2 - 541*n + 813. Determine a(108).
705
Let l(f) = -40*f**3 - 4*f**2 - 19*f - 36. Give l(-2).
306
Let x(n) = 37*n**2 - 13*n - 26. Calculate x(-6).
1384
Let z(m) = -59*m**3 + 121*m**2 - 12*m + 18. Give z(2).
6
Let j(s) = -s**3 - 135*s**2 + 5367*s - 714. Give j(32).
22
Let c(q) = -208927*q + 6267822. Determine c(30).
12
Let m(z) = z**3 - 5*z**2 - 314*z - 46. Give m(16).
-2254
Let u(b) = -2*b**2 - 3895*b + 11694. Calculate u(3).
-9
Let h(k) = 2147*k + 19332. Determine h(-9).
9
Let d(t) = t**3 - 72*t**2 + 624*t - 92. What is d(10)?
-52
Let m(g) = g**3 + 35*g**2 - 4*g + 590. What is m(-35)?
730
Let r(g) = -4*g**3 + 1371*g**2 + 7297*g + 3825. Give r(348).
-3
Let h(o) = 11*o**3 + 8*o**2 + 23*o + 17. Determine h(-2).
-85
Let t(v) = -v**3 - 32*v**2 + 1242*v - 8445. What is t(11)?
14
Let a(r) = r**3 - 59*r**2 + 307*r - 118. Determine a(53).
-701
Let x(y) = -y**3 + 432*y**2 - 910*y + 21595. Give x(430).
95
Let t(p) = 23*p**2 + 364*p - 6. What is t(-4)?
-1094
Let r(t) = 7487*t - 119277. What is r(16)?
515
Let k(o) = -50334*o + 1409346. What is k(28)?
-6
Let i(b) = 705*b + 1361. What is i(-2)?
-49
Let z(p) = p**2 - 95246*p - 1047827. Calculate z(-11).
0
Let c(o) = 6*o**2 + 55*o + 59. Determine c(-13).
358
Let d(m) = -2*m**2 - 294*m - 6378. Give d(-121).
-86
Let l(f) = f**3 - 20*f**2 - 153*f + 114. Calculate l(26).
192
Let d(m) = -18*m**2 - 6350*m - 50809. Determine d(-8).
-1161
Let x(s) = 111*s**2 - 2763*s - 301. What is x(25)?
-1
Let v(g) = g**3 - 21*g**2 - 7457*g + 163576. Calculate v(22).
6
Let o(l) = l**3 + 12*l**2 + 141*l + 3948. Calculate o(-17).
106
Let z(r) = -413524*r - 1654092. Determine z(-4).
4
Let v(r) = 15*r**2 + 957*r + 1906. What is v(-2)?
52
Let i(g) = 383889*g - 11900499. Calculate i(31).
60
Let s(g) = -12*g**2 + 18*g - 26. Determine s(7).
-488
Let h(d) = d**2 - 263*d + 17298. Determine h(129).
12
Let n(j) = -10353*j - 20795. Give n(-2).
-89
Let v(q) = -76554*q + 8267935. Calculate v(108).
103
Let h(k) = k**2 + 18*k + 5. Give h(3).
68
Let a(x) = -x**3 - 10*x**2 + 37*x + 437. Calculate a(-6).
71
Let w(q) = 2814*q + 5422. Give w(-2).
-206
Let c(k) = -652*k + 36917. Give c(56).
405
Let f(c) = 11*c**2 + 2358*c - 5783. What is f(-217)?
510
Let p(g) = g**3 + 128*g**2 + 3585*g + 769. Determine p(-41).
31
Let w(t) = -t**3 - 3*t**2 + 208*t + 612. What is w(-3)?
-12
Let q(x) = 1019*x**2 - 202*x + 203. Give q(1).
1020
Let f(c) = -2089*c + 526. Determine f(0).
526
Let f(d) = d**3 + 238*d**2 - 2227*d + 52. Determine f(9).
16
Let l(t) = 27957*t + 1062409. Give l(-38).
43
Let v(q) = q**3 + 499*q**2 + 24041*q + 4895. What is v(-445)?
0
Let g(u) = -55066*u**2 - 330391*u + 16. What is g(-6)?
-14
Let t(w) = -w**3 + 11*w**2 + 1039*w - 12294. Give t(12).
30
Let z(r) = -550*r + 29795. Calculate z(54).
95
Let q(f) = -3*f**3 + 148*f**2 + 767*f - 599. What is q(54)?
-5
Let m(r) = 10199*r - 9771. Determine m(1).
428
Let j(s) = -36*s**2 + 5*s - 41. Give j(4).
-597
Let h(i) = -i**3 - 57*i**2 - 298*i - 1958. Calculate h(-52).
18
Let i(k) = 21123*k - 21147. What is i(1)?
-24
Let u(k) = 75*k**2 - 86*k - 10. Calculate u(-3).
923
Let z(h) = -22561*h - 676869. Give z(-30).
-39
Let v(m) = 7*m**2 - 8529*m - 86028. Give v(-10).
-38
Let d(a) = -a**3 + 98*a**2 - 1675*a - 145. Determine d(76).
-373
Let d(a) = -50*a - 1458. Give d(-32).
142
Let h(z) = 17*z**2 - 46*z - 112. What is h(6)?
224
Let q(c) = 24345*c + 5355908. What is q(-220)?
8
Let x(c) = -157864*c - 315852. What is x(-2)?
-124
Let u(l) = l**3 + 64*l**2 + 39*l - 5343. What is u(-62)?
-73
Let w(h) = 2031*h**2 - 1975*h + 6. Calculate w(1).
62
Let r(w) = -10*w**2 + 54*w + 7989. Calculate r(31).
53
Let m(w) = -w**2 - 2481*w - 2476. What is m(-1)?
4
Let p(c) = 17*c**2 + 278*c + 40. Calculate p(-13).
-701
Let z(d) = d**3 + 14*d**2 - 748*d - 470. Calculate z(-35).
-15
Let c(q) = 3*q**2 + 229*q + 6671. Give c(-25).
2821
Let h(w) = 713838*w - 14276732. Give h(20).
28
Let y(s) = 3*s**3 + 41*s**2 + 30*s + 23. Calculate y(-15).
-1327
Let a(j) = j**3 - 16*j**2 - 271*j + 4208. Determine a(14).
22
Let c(g) = 2*g**3 + 35*g**2 - 137*g - 2640. What is c(-17)?
-22
Let z(h) = h**3 + 124*h**2 + 1629*h + 5666. Give z(-7).
-4
Let t(o) = -o**3 + 540*o**2 + 543*o + 293229. Give t(542).
7
Let g(x) = -x**2 - 51*x + 6890. Calculate g(-114).
-292
Let y(z) = z**3 + 24*z**2 + 146*z + 54. Give y(-14).
-30
Let a(q) = 110592*q + 2875432. Determine a(-26).
40
Let j(f) = f**3 + 43*f**2 - 214*f + 104. What is j(-47)?
1326
Let b(t) = 2*t**3 - 203*t**2 + 3496*t + 50. Calculate b(22).
6
Let m(s) = -s**3 - 246*s**2 - 13409*s - 7264. Calculate m(-165).
-4
Let y(b) = -229*b + 35702. Calculate y(156).
-22
Let b(g) = g**3 + 54*g**2 - 163*g + 440. Determine b(-57).
-16
Let q(o) = -818*o + 63461. Calculate q(75).
2111
Let l(m) = -2*m**3 - 60*m**2 - 34*m - 32. Calculate l(-29).
-728
Let g(f) = -11965*f + 670036. Determine g(56).
-4
Let j(m) = 15890*m + 31877. Give j(-2).
97
Let s(a) = -5741*a + 1779759. Calculate s(310).
49
Let w(r) = -97*r + 9403. Determine w(96).
91
Let j(l) = -18*l + 1158. Determine j(156).
-1650
Let t(d) = -2299*d - 291725. Determine t(-127).
248
Let k(h) = -21*h**2 + 365*h - 1106. Calculate k(4).
18
Let j(i) = -4062*i + 426495. Determine j(105).
-15
Let x(l) = 3275*l + 44347. Calculate x(-14).
-1503
Let r(b) = -10*b**3 + 57*b**2 + 19*b - 79. What is r(7)?
-583
Let s(c) = 1432*c**2 - 14376*c + 5. What is s(10)?
-555
Let o(d) = 2*d**3 + 66*d**2 - 219*d + 7. Calculate o(-36).
115
Let x(n) = n**3 - 124*n - 482. Give x(-5).
13
Let n(i) = -19*i**3 + 20381*i**2 + 6428*i + 10738. Determine n(1073).
8
Let w(t) = t**2 + 68725*t - 756050. Give w(11).
46
Let w(k) = 34*k**2 + 1853*k - 3839. Calculate w(2).
3
Let p(o) = 2120*o - 14812. Give p(7).
28
Let j(i) = -i**3 + 60*i**2 + 189*i - 11346. What is j(60)?
-6
Let n(q) = -5593*q - 156722. Calculate n(-28).
-118
Let f(t) = 36370*t - 10583681. Determine f(291).
-11
Let s(f) = 18*f**2 - 409*f + 1553. Determine s(5).
-42
Let d(t) = -t**2 + 24043*t + 12522026. Calculate d(-510).
-4
Let c(u) = -97*u**2 + 21993*u + 109941. Calculate c(-5).
-2449
Let b(z) = 18*z**2 + 651*z + 1231. Give b(-2).
1
Let n(b) = 3534*b - 508903. Determine n(144).
-7
Let c(h) = 933*h + 8433. Calculate c(-9).
36
Let h(j) = 987*j + 14707. What is h(-15)?
-98
Let c(z) = -z**3 + 59*z**2 + 20*z + 5543. What is c(61)?
-679
Let g(o) = -17*o**2 + 1075*o - 1729. What is g(62)?
-427
Let m(s) = -2*s**2 - 145*s - 2372. What is m(-32)?
220
Let o(f) = 475*f + 17008. What is o(-36)?
-92
Let r(f) = 3*f**2 - 9020*f + 338414. What is r(38)?
-14
Let f(u) = 2*u**2 + 1736*u + 293470. Calculate f(-230).
-10
Let w(d) = d**2 - 97*d - 5565. Calculate w(135).
-435
Let s(v) = 2*v**2 + 982*v + 18579. What is s(-19)?
643
Let v(u) = -179*u - 16232. Give v(-97).
1131
Let s(p) = -227*p**2 - 2421*p - 1517. Give s(-10).
-7
Let o(r) = 7*r**2 + 9865*r - 1011556. What is o(96)?
-4
Let h(s) = s**2 + 164*s + 6349. Determine h(-54).
409
Let j(y) = 4*y**2 + 464*y + 309. What is j(-115)?
-151
Let v(c) = -1621*c + 366351. Give v(226).
5
Let i(q) = -q**3 - 62*q**2 - 8*q + 3235. Give i(-61).
2
Let m(h) = h**3 + 32*h**2 - 2751*h + 15179. Determine m(6).
41
Let x(f) = -30629*f - 6156424. Give x(-201).
5
Let b(u) = u**2 - 6177*u - 37154. Calculate b(-6).
-56
Let g(r) = 3*r**2 - 1154*r + 8044. Determine g(7).
113
Let f(d) = 135*d + 9375. Calculate f(-72).
-345
Let m(a) = a**3 - 30*a**2 - 79*a + 4569. Calculate m(15).
9
Let r(f) = -5*f**3 + 247*f**2 + 1926*f - 253. Determine r(-7).
83
Let m(c) = -313920*c - 48971517. Calculate m(-156).
3
L